ive of f**4/3 + 51*f**2. Let y(c) = -p(c) - 5*u(c). Give y(-4).
7
Suppose -46*r - 36 = 608. Let z(s) = -s**3 - 13*s**2 + 16*s + 19. Calculate z(r).
-9
Let m(o) = -o**3 + 8*o**2 - 11*o + 15. Let j = -10877 + 10883. Give m(j).
21
Let n(r) = 3*r - 21. Suppose -4*o - 2*u = 2, -4*o - 9*u = -8*u - 3. Let t(w) = 14*w - 85. Let x(y) = o*t(y) - 9*n(y). Calculate x(-13).
6
Suppose 0 = -3*c + 3*w - 6 + 9, 2*c = 4*w. Let g(i) = 5*i**c - i - 5 + i**3 + 12 + 2*i - 8. Give g(-5).
-6
Let p(k) be the second derivative of -1/12*k**4 - 4*k**2 - 11/6*k**3 - 9 + 4*k. What is p(-9)?
10
Let x(p) = 5*p. Suppose -3*m = k + 5, -2*k + 4*k = -2*m + 2. Suppose k*w = 0, 84 = r + r - 3*w. Suppose 3*q + 45 = r. What is x(q)?
-5
Let a(v) = -7*v + 0*v + 2*v + v. Let h(x) = x**2 - 20*x + 1. Let c(z) = -11*a(z) + 2*h(z). Let w = -565 - -563. Determine c(w).
2
Let l(m) = -m**2 - 18*m - 60. Let d be l(-5). Let t(q) = -7*q + 7. Suppose 6*u + u = 42. Let k(a) = 6*a - 7. Let z(o) = d*t(o) + u*k(o). Determine z(8).
1
Let j = -10 + 11. Let w(h) = 26*h**2 + h - 7. Let s(y) = -28*y**2 - y + 8. Let t(b) = -6*s(b) - 7*w(b). What is t(j)?
-14
Let l(y) = -2*y**2 + 4*y + 4. Let g be l(4). Let z(a) = 10 - 2*a**3 + 10 - 8 + 13*a**2 + 13*a + 2 + 3*a**3. Give z(g).
2
Suppose 0 = -k - 2*t - 0 - 4, -2*k - 5 = 3*t. Let i(h) = k*h + 0 + 2 + 2*h**2 + 2 - h**3 - 1 - 2. Determine i(-1).
2
Let f(n) = -n + 1. Let j be f(-9). Suppose 9*o = 11*o - j. Let m(r) = o*r**3 + r**3 + 2*r**2 - 4*r - 7*r**3 + 2*r**2. Give m(4).
-16
Let c(t) = 3*t - 4. Suppose -2*p = -4*o + 4, -2 = -4*o - o + 4*p. Let v be -2 + (0 - 1) + 8/1. Suppose -o*k = 2*k + v*q - 3, -5*q + 30 = -5*k. Give c(k).
-13
Let j(c) = -12*c - 42. Let p(n) = 2*n**3 + n**2 + 98*n - 5. Let q be p(0). Calculate j(q).
18
Let q(i) be the second derivative of -i**6/720 + 2*i**5/15 - 23*i**4/12 - 260*i. Let m(f) be the third derivative of q(f). Determine m(0).
16
Let r(s) = s**2 + 6*s - 4. Let q(p) = 15 - 11 + 0 - 7*p**2 - 10*p + 21*p + 8*p**2. Let f be (1 - 12/2)*2. Let j be q(f). Determine r(j).
-4
Let b(h) = h**3 - 23*h**2 - 24*h + 7. Let c = -7531 - -7555. Give b(c).
7
Let b(s) = 41*s + 365. Let z be b(-9). Let l(n) = -12*n - 5. Let r(t) = 4*t + 2. Let j(x) = -3*l(x) - 8*r(x). What is j(z)?
-17
Let k(m) = 200 - 65 - 68 - m**2 - 66 - 22*m**3. Let p = -26 + 25. Determine k(p).
22
Let q(x) = x - 3. Let d be (-497)/(-42) - (-1)/6. Suppose 0 = 4*h - 16 - d. Let r be 50/h + 8/(-56). Calculate q(r).
4
Let q(j) be the first derivative of j**2/2 - 8*j + 110400. Let i be (-4)/(1 + 1) + 14. Determine q(i).
4
Let a = -36878 + 36883. Let j(v) = 28*v + 39. What is j(a)?
179
Let o be 1 + (1 - -15)/(-2). Let l(j) = 2*j + 22847 - 11420 - 11417. Determine l(o).
-4
Let z(k) = -2*k**2 - 7. Let p be z(3). Let l = 13 + p. Let j = 5 + l. Let w(u) = 2*u + 3. Give w(j).
-11
Suppose -4*o + 2*c + 1414 = 0, -4*o + 5*c + 928 = -489. Let j(m) = -155*m - 192*m + o*m + 3. Give j(3).
21
Let p(v) be the second derivative of -v**4/6 + 14*v**3/3 - 21*v**2 + 3562*v - 2. Determine p(12).
6
Let p(c) = -c**3 + 48*c**2 + 54*c - 242. Let i be p(49). Let x(w) be the second derivative of 0 - 5/6*w**i - 14*w + 7/2*w**2 - 1/12*w**4. Give x(-6).
1
Let u be (-1)/((-15)/20*2/3). Let s(v) = -5*v + 6 - v**3 - 2*v - 3*v - 12*v**u. Calculate s(-11).
-5
Let k(q) be the first derivative of q**7/840 + q**6/36 + q**5/15 - q**4/8 + 29*q**3/3 - 2*q + 114. Let c(i) be the third derivative of k(i). Determine c(-9).
6
Let y = -8561 + 8547. Let r(l) = l + 21. What is r(y)?
7
Let h(f) = 4*f**2 + 433*f + 534. Let x be h(-107). Let z(o) = 10*o**2 - 2*o - 1. Determine z(x).
11
Suppose 5*m + 4*q - 15 = 0, -q = -2*m + 8 + 11. Let p(l) = -l**2 + 9*l + 3. Let k be p(m). Suppose -3*h + k = 14. Let b(d) = -6*d**2 + 1. Determine b(h).
-5
Let u(w) = -25*w + 7*w + 7*w - 2 + 1 - 4*w**2 + 11*w**2. Let b(g) be the second derivative of -g**4/4 + g**3 + g. Let i(r) = 5*b(r) + 2*u(r). Determine i(8).
-2
Let p(o) = -o**3 - 7*o**2 - 7*o - 3. Let v be p(-6). Let a(q) be the first derivative of 110 + 2/3*q**3 - 2*q**2 + q. Determine a(v).
7
Let m(j) = -j**2 - 20*j - 69. Let q be m(-13). Let o(i) = -28*i + 617. Determine o(q).
1
Let m(z) = -z**2 + 115*z - 2653. Let y be m(83). Let n(d) be the second derivative of 0 - d**2 - 1/12*d**4 - 5/6*d**y + 23*d. Give n(-4).
2
Let k(b) = -2*b + 71 + 64 - 214 + 64. Suppose -14 = 5*t + 21. Give k(t).
-1
Let d(k) = k**2 - 8*k - 9. Let f = -264 + 266. Suppose -4 = -f*g + 10. Calculate d(g).
-16
Let j = -67 + 75. Suppose j*a + 32 = 96. Suppose 32 + 0 = a*f. Let p(h) = -h + 6. Give p(f).
2
Let v be (-32)/(-9) + (520/(-45))/(-26). Suppose 2*j - v = -l - 3, -4*j + l - 1 = 0. Let d(k) = -5 + 0 + k**2 + 2. Calculate d(j).
-3
Let j(d) = 9 - 2*d**3 + 3*d**3 + 16*d**2 - 5*d**2 + 8*d. Let o be -20 - 6*(-30)/18. Give j(o).
29
Let t(z) = 135*z - 17694*z**2 + 17700*z**2 - 148*z. Give t(2).
-2
Let d = -4513 + 4513. Let b(a) = 6*a**3 - a**2 + a - 12. Let q(r) = 5*r**3 - r**2 + r - 11. Let z(n) = 6*b(n) - 7*q(n). Determine z(d).
5
Let t(m) = -2*m**3 - 8*m**2 - 3*m - 1. Let d be t(-5). Suppose d = 5*k - k. Let p(v) = 7*v**2 + v + v**3 - k*v - 12 - 4*v + 9*v. What is p(-8)?
4
Let y(l) = -19*l**3 + 22*l**2 + 16*l + 27. Let m(z) = -11*z**3 + 11*z**2 + 7*z + 14. Let c(s) = 7*m(s) - 4*y(s). Calculate c(-10).
40
Let n(k) = -162*k**2 + 29*k - 43. Let p(m) = -203*m**2 + 29*m - 45. Let a(f) = -5*n(f) + 4*p(f). What is a(-16)?
-13
Suppose 8 = -5*i - 2, 0 = -3*n + 4*i + 14. Suppose n*z + 0 = -12. Let k(s) = -s**3 - 7*s**2 - 3*s - 1. What is k(z)?
-19
Let l(c) be the first derivative of c**2/2 + 3*c - 105762. Suppose 0 = -2*y - 3 + 23. Suppose -4*n - 5*a = -25, 2*a = -2*n + 4*n + y. Give l(n).
3
Let m = 0 + 0. Let i(y) = -4*y**2 - 106 + 15*y**2 + y**3 + 92 - 12*y**2 - y. What is i(m)?
-14
Let m(i) = i - 13. Let o be m(0). Let s(y) = 121*y - 32. Let h(a) = -40*a + 14. Let u(j) = -3*h(j) - s(j). What is u(o)?
3
Let a = 429 - 427. Let r(l) = -1297*l + 1298*l - 7 - l**a + 0*l**2. What is r(0)?
-7
Let z(i) = -i**2 + 11*i + 100. Suppose 30*a + 6*a = -45*a + 1296. Calculate z(a).
20
Let f(i) be the first derivative of i**4/12 + 2*i**3/3 + 2*i**2 + 75*i + 186. Let h(v) be the first derivative of f(v). Give h(-4).
4
Let z(w) = w**3 + 19*w**2 - 41*w. Let j = -38421 + 38400. Give z(j).
-21
Suppose r = 3*o - 14, -2*r = -509*o + 504*o + 26. Let i(g) = -g**2 - 43*g - 287. Give i(r).
-7
Let v be (-130)/(-39)*1/(2/(-3)). Let u(d) be the third derivative of 5*d**2 - 1/6*d**4 - 1/60*d**5 + 0*d + d**3 + 0. Determine u(v).
1
Let x(j) = -j**3 - j**2 + 1. Let h(a) = 23 - 8 + a - 9. Suppose -3*y + 8*y = -25. Let k be h(y). Calculate x(k).
-1
Let v(p) = 2*p**2 - 13*p + 39. Let f(h) = h**2 + 2. Let w(j) = -3*f(j) + v(j). Give w(-15).
3
Let y be 10/(-45) - 7/9. Let v(h) = 8*h + 8*h - 22*h + 4*h + 3. Let u(z) = -3*z**2 - 3*z + 4. Let r(c) = -3*u(c) + 4*v(c). Determine r(y).
8
Let j(a) = -2*a. Let t(q) = 7*q - 1. Let n(u) = 4*j(u) + t(u). Let v be (-12)/(-54) + 104/18. Let w be 54/(-24)*16/v. Calculate n(w).
5
Suppose -i + 15 = c, -5*i + 84 = 8*c - 6*c. Let g(f) = -15 - 5*f - 10*f + i + 0*f. Give g(1).
-12
Suppose -16*t + 1600 = -0*t. Let j(l) = -6 - 6*l + 104*l**2 + 2*l - t*l**2 + 2 - l**3. Give j(4).
-20
Let i(x) = -x**2 + x + 8. Suppose -13*s + 2288 = -2*s. Let p = -208 + s. Calculate i(p).
8
Let n(v) be the third derivative of 1/3*v**3 - 1/15*v**5 + 0 + 0*v - 1/12*v**4 + 1/120*v**6 + 7*v**2. Let h be (-5 + 5/(-30)*-26)*3. Determine n(h).
-18
Let x(m) = 937*m**2 + 43*m - 935*m**2 + 343 - 327. Calculate x(-21).
-5
Let p(r) be the first derivative of 170 + 7*r - 7/2*r**2 + 1/3*r**3. Determine p(8).
15
Suppose 3 + 3 = 3*f. Let w(p) = -p**2 + 26*p - 46. Let c be w(24). Let t(z) = -4*z**2 - 8 - c*z + 8 - 4 + 6. Determine t(f).
-18
Let r(o) = 38*o**2 + 2*o - 7. Let a(g) = -18*g**2 - g + 4. Let b be 52/14 - (396/(-63) - -6). Let u(y) = b*r(y) + 7*a(y). Calculate u(1).
27
Let b(c) = 37*c - 67. Let x = -11436 + 11438. Give b(x).
7
Let b = 100 - 96. Let r(f) = b + 0*f + 11*f - 7. Give r(2).
19
Let i(h) = 18*h**3 + 2*h**2 + 15*h + 1. Let o(f) = -39*f**3 - 5*f**2 - 35*f - 2. Let u(v) = -9*i(v) - 4*o(v). Determine u(-2).
45
Let k(c) be the first derivative of -6*c**2 - c - 22145. Suppose -2*i + 5*x = -3*i + 4, i + 6 = 5*x. Determine k(i).
11
Let k(b) = b**2 + 12*b + 5